base 6) to base 16.
3
What is 12 (base 4) in base 2?
110
-3d (base 14) to base 16
-37
What is -54 (base 10) in base 7?
-105
Convert -26 (base 9) to base 10.
-24
Convert 6 (base 7) to base 8.
6
Convert 2 (base 10) to base 12.
2
6 (base 15) to base 10
6
What is 2 (base 12) in base 7?
2
Convert -133 (base 9) to base 13.
-87
What is 7 (base 13) in base 10?
7
Convert -1100 (base 3) to base 2.
-100100
What is -21 (base 3) in base 12?
-7
Convert 190 (base 14) to base 9.
387
-13 (base 5) to base 7
-11
Convert -12 (base 6) to base 12.
-8
-24 (base 12) to base 14
-20
Convert 35 (base 13) to base 3.
1122
1 (base 8) to base 7
1
1 (base 6) to base 16
1
-11 (base 6) to base 10
-7
Convert 64 (base 10) to base 15.
44
What is 56 (base 12) in base 8?
102
Convert -11 (base 3) to base 15.
-4
Convert -33 (base 13) to base 9.
-46
Convert 6 (base 13) to base 2.
110
What is 35 (base 11) in base 12?
32
What is -43 (base 8) in base 15?
-25
Convert 3 (base 16) to base 11.
3
What is -10 (base 15) in base 7?
-21
-11110 (base 2) to base 10
-30
What is 1 (base 10) in base 11?
1
1 (base 13) to base 14
1
Convert -6 (base 8) to base 7.
-6
What is 1200 (base 3) in base 11?
41
Convert 3 (base 6) to base 8.
3
Convert 41 (base 5) to base 11.
1a
2a (base 14) to base 9
42
What is 4b (base 14) in base 9?
74
What is -243 (base 6) in base 15?
-69
Convert 0 (base 5) to base 2.
0
What is 101 (base 3) in base 9?
11
Convert -331 (base 8) to base 15.
-e7
-51 (base 11) to base 12
-48
Convert -1 (base 5) to base 16.
-1
What is 325 (base 6) in base 2?
1111101
9 (base 10) to base 2
1001
-10 (base 10) to base 4
-22
Convert -1 (base 5) to base 10.
-1
Convert 15 (base 12) to base 4.
101
Convert 24 (base 13) to base 11.
28
0 (base 6) to base 5
0
Convert -34 (base 8) to base 15.
-1d
Convert a (base 11) to base 4.
22
-3012 (base 4) to base 7
-402
Convert 220 (base 5) to base 6.
140
What is 9 (base 12) in base 10?
9
10 (base 3) to base 4
3
Convert 34 (base 16) to base 13.
40
What is -201 (base 3) in base 10?
-19
Convert -21 (base 3) to base 2.
-111
Convert -6 (base 10) to base 13.
-6
What is 3 (base 13) in base 3?
10
Convert 85 (base 16) to base 2.
10000101
Convert 1 (base 9) to base 5.
1
What is 212 (base 5) in base 2?
111001
What is -e (base 15) in base 7?
-20
4 (base 13) to base 12
4
-5 (base 6) to base 9
-5
Convert 1 (base 11) to base 3.
1
What is -1 (base 5) in base 2?
-1
-220 (base 3) to base 11
-22
What is 3 (base 5) in base 8?
3
What is 5 (base 6) in base 4?
11
-1 (base 5) to base 2
-1
Convert 21 (base 8) to base 7.
23
Convert -1 (base 7) to base 2.
-1
What is -2 (base 7) in base 8?
-2
Convert -43 (base 9) to base 7.
-54
Convert -4 (base 6) to base 10.
-4
5 (base 8) to base 14
5
What is -1 (base 3) in base 7?
-1
-22 (base 12) to base 13
-20
What is -130 (base 4) in base 6?
-44
What is 100 (base 2) in base 12?
4
Convert 21 (base 3) to base 16.
7
What is 10 (base 6) in base 7?
6
What is 21120 (base 3) in base 9?
246
-4 (base 7) to base 14
-4
3 (base 9) to base 10
3
-c (base 14) to base 3
-110
Convert -10001 (base 2) to base 12.
-15
Convert -3 (base 16) to base 3.
-10
2 (base 5) to base 11
2
What is -182 (base 14) in base 13?
-1ab
100 (base 2) to base 6
4
Convert -150 (base 7) to base 8.
-124
What is 1 (base 4) in base 9?
1
What is 2 (base 13) in base 10?
2
Convert -2 (base 13) to base 8.
-2
What is -1 (base 13) in base 3?
-1
Convert -37 (base 10) to base 9.
-41
Convert 4 (base 5) to base 3.
11
What is -12 (base 6) in base 3?
-22
1010 (base 2) to base 5
20
Convert -6 (base 14) to base 7.
-6
-200 (base 7) to base 13
-77
What is -5 (base 14) in base 15?
-5
Convert -114 (base 8) to base 5.
-301
51 (base 8) to base 3
1112
3 (base 9) to base 15
3
-2 (base 5) to base 2
-10
Convert 123 (base 6) to base 8.
63
222 (base 6) to base 13
68
10 (base 4) to base 13
4
What is -202 (base 3) in base 6?
-32
-9 (base 13) to base 5
-14
What is 15 (base 6) in base 10?
11
Convert -217 (base 8) to base 12.
-bb
Convert 30 (base 8) to base 9.
26
330 (base 5) to base 6
230
Convert 7f (base 16) to base 7.
241
Convert d (base 15) to base 10.
13
Convert -2 (base 10) to base 16.
-2
b0 (base 16) to base 15
bb
-1 (base 6) to base 11
-1
Convert 2 (base 11) to base 4.
2
Convert -29 (base 11) to base 12.
-27
Convert -202 (base 7) to base 9.
-121
Convert 31 (base 4) to base 14.
d
What is -3 (base 14) in base 8?
-3
Convert 5 (base 11) to base 14.
5
13 (base 6) to base 5
14
-230 (base 5) to base 7
-122
13 (base 8) to base 3
102
Convert -1 (base 14) to base 16.
-1
104 (base 11) to base 5
1000
What is 0 (base 9) in base 4?
0
Convert -32 (base 5) to base 12.
-15
What is -21 (base 9) in base 15?
-14
What is -3 (base 16) in base 12?
-3
What is -84 (base 12) in base 3?
-10201
-1 (base 16) to base 12
-1
Convert b (base 16) to base 7.
14
61 (base 10) to base 12
51
What is 72 (base 8) in base 7?
112
What is 4 (base 9) in base 13?
4
Convert 10 (base 3) to base 13.
3
13 (base 9) to base 14
c
-2 (base 5) to base 7
-2
Convert -2210 (base 3) to base 16.
-4b
What is 220 (base 4) in base 13?
31
7 (base 15) to base 9
7
What is -136 (base 7) in base 6?
-204
What is -3 (base 12) in base 13?
-3
Convert 4 (base 9) to base 6.
4
Convert 8 (base 16) to base 15.
8
1 (base 8) to base 2
1
Convert 110 (base 3) to base 11.
11
Convert 5 (base 16) to base 13.
5
Convert -5 (base 13) to base 9.
-5
-10010 (base 2) to base 8
-22
16b (base 12) to base 7
443
Convert 1 (base 8) to base 4.
1
Convert -10 (base 13) to base 6.
-21
What is -9 (base 15) in base 8?
-11
What is 1000 (base 2) in base 4?
20
Convert -3 (base 10) to base 11.
-3
-101 (base 3) to base 14
-a
What is 57 (base 13) in base 8?
110
306 (base 7) to base 3
12200
-123 (base 8) to base 14
-5d
Convert -b6 (base 13) to base 11.
-126
What is 148 (base 9) in base 4?
1331
Convert 13 (base 13) to base 6.
24
228 (base 10) to base 5
1403
What is 101101110 (base 2) in base 14?
1c2
Convert 333 (base 6) to base 12.
a9
Convert -4 (base 5) to base 12.
-4
Convert 2 (base 5) to base 10.
2
Convert -425 (base 7) to base 3.
-21222
Convert 23 (base 6) to base 8.
17
0 (base 3) to base 13
0
24 (base 11) to base 9
28
What is -3 (base 8) in base 10?
-3
What is 6 (base 12) in base 4?
12
Convert -23 (base 4) to base 16.
-b
-62 (base 13) to base 9
-88
-4 (base 6) to base 2
-100
What is 27 (base 14) in base 13?
29
Convert -4 (base 11) to base 9.
-4
Convert 2211 (base 3) to base 8.
114
-2 (base 3) to base 14
-2
1241 (base 6) to base 5
2223
What is 4 (base 15) in base 10?
4
Convert -15 (base 6) to base 4.
-23
16 (base 12) to base 11
17
What is 2 (base 15) in base 13?
2
What is -74 (base 12) in base 11?
-80
Convert -47 (base 8) to base 5.
-124
Convert 2a (base 11) to base 15.
22
What is -5 (base 6) in base 3?
-12
Convert -11001001 (base 2) to base 13.
-126
What is -5 (base 12) in base 9?
-5
What is 303 (base 5) in base 9?
86
1c (base 13) to base 3
221
What is -1 (base 13) in base 12?
-1
3 (base 6) to base 2
11
What is -4 (base 6) in base 5?
-4
What is -112 (base 7) in base 8?
-72
What is -10 (base 8) in base 11?
-8
Convert -1 (base 11) to base 7.
-1
-1 (base 6) to base 7
-1
What is -121 (base 3) in base 7?
-22
5 (base 13) to base 3
12
What is 3 (base 7) in base 11?
3
What is 0 (base 2) in base 9?
0
What is -21 (base 12) in base 11?
-23
Convert -8 (base 14) to base 13.
-8
What is 2 (base 14) in base 11?
2
38 (base 12) to base 15
2e
-2 (base 3) to base 14
-2
Convert -2 (base 3) to base 14.
-2
What is 36 (base 14) in base 7?
66
What is 9d (base 14) in base 5?
1024
3 (base 12) to base 16
3
27 (base 10) to base 15
1c
35 (base 7) to base 11
24
28 (base 10) to base 15
1d
-9 (base 14) to base 9
-10
What is -2 (base 3) in base 14?
-2
Convert 12210 (base 3) to base 6.
420
What is -17 (base 12) in base 10?
-19
b (base 12) to base 9
12
-a (base 14) to base 9
-11
Convert -83 (base 14) to base 10.
-115
Convert -4 (base 7) to base 2.
-100
What is 0 (base 11) in base 6?
0
What is 1 (base 3) in base 16?
1
-20 (base 7) to base 13
-11
Convert -5 (base 9) to base 6.
-5
10001 (base 3) to base 7
145
Convert -2 (base 12) to base 16.
-2
Convert 10 (base 3) to base 5.
3
-67 (base 12) to base 16
-4f
Convert -101101 (base 2) to base 8.
-55
1 (base 9) to base 11
1
What is -137 (base 8) in base 12?
-7b
-110 (base 2) to base 16
-6
Convert -2d (base 16) to base 11.
-